-- Insertion des images dans la table Image
INSERT INTO Image (id_img, imgPath) VALUES (1, 'https://tse4.mm.bing.net/th/id/OIP.fc5TQflh0cbxB1GUeOdk6gHaK8?w=123&h=180&c=7&r=0&o=5&pid=1.7');
INSERT INTO Image (id_img, imgPath) VALUES (2, 'https://c4.wallpaperflare.com/wallpaper/331/155/796/gary-oldman-actor-face-beard-wallpaper-preview.jpg');
INSERT INTO Image (id_img, imgPath) VALUES (3, 'https://wallpapercave.com/wp/wp3930804.jpg');
INSERT INTO Image (id_img, imgPath) VALUES (4, 'https://tse4.mm.bing.net/th/id/OIP.QzDh_d2T5aADiDJ7uMFU6gHaHa?w=157&h=180&c=7&r=0&o=5&pid=1.7');
INSERT INTO Image (id_img, imgPath) VALUES (5, 'https://harrypotterheg.wordpress.com/wp-content/uploads/2015/05/213202__draco-malfoy_p1.jpg?w=808');
INSERT INTO Image (id_img, imgPath) VALUES (6, 'https://www.avcesar.com/source/software/bluray/3780/img_0_0720153215_b.jpg');
INSERT INTO Image (id_img, imgPath) VALUES (7, 'https://tse1.mm.bing.net/th/id/OIP.luN_zVQJt2Kyf7H_kSrPyQHaJD?w=115&h=180&c=7&r=0&o=5&pid=1.7');
INSERT INTO Image (id_img, imgPath) VALUES (8, 'https://i.ytimg.com/vi/iWgPz7HZ-WA/hq720.jpg?sqp=-oaymwEhCK4FEIIDSFryq4qpAxMIARUAAAAAGAElAADIQj0AgKJD&rs=AOn4CLBflPslog0bm-h3cOdRobgdZBeazA');
INSERT INTO Image (id_img, imgPath) VALUES (9, 'https://upload.wikimedia.org/wikipedia/commons/thumb/7/78/MClarkeDuncan021109-R106_%2850094589037%29.jpg/1200px-MClarkeDuncan021109-R106_%2850094589037%29.jpg');
INSERT INTO Image (id_img, imgPath) VALUES (10, 'https://www.lesuricate.org/wp-content/uploads/2014/07/dragons-2.jpg');
INSERT INTO Image (id_img, imgPath) VALUES (11, 'https://wallpaper.forfun.com/fetch/66/66580e0f71b67a64408bb525256d8843.jpeg');
INSERT INTO Image (id_img, imgPath) VALUES (12, 'https://tse2.mm.bing.net/th/id/OIP.RrJkua2jY_o24eUG7wmk8QHaE-?w=232&h=180&c=7&r=0&o=5&pid=1.7');
INSERT INTO Image (id_img, imgPath) VALUES (13, 'https://tse3.mm.bing.net/th/id/OIP.-1Ds-2D5GPiu9uejDdmgNgHaH3?w=124&h=180&c=7&r=0&o=5&pid=1.7');
INSERT INTO Image (id_img, imgPath) VALUES (14, 'https://tse3.mm.bing.net/th/id/OIP.BeQYJEP1pQKzHDLGhTLBtgHaFj?w=243&h=182&c=7&r=0&o=5&pid=1.7');
INSERT INTO Image (id_img, imgPath) VALUES (15, 'https://i.ytimg.com/vi/ba5HNyRuHcc/hq720.jpg?sqp=-oaymwEhCK4FEIIDSFryq4qpAxMIARUAAAAAGAElAADIQj0AgKJD&rs=AOn4CLCvutm4V1eRyQ7vKkpSTq0-bLartA');
INSERT INTO Image (id_img, imgPath) VALUES (16, 'https://tse2.mm.bing.net/th/id/OIP.3vXkEUJ9J8s-GsnBC6I3KAHaF0?w=185&h=180&c=7&r=0&o=5&pid=1.7');
INSERT INTO Image (id_img, imgPath) VALUES (17, 'https://i.ytimg.com/vi/LL06jvZP94U/maxresdefault.jpg');
INSERT INTO Image (id_img, imgPath) VALUES (18, 'https://tse2.mm.bing.net/th/id/OIP.Qoh2doQIigxyiOBuhgRx9gHaM7?w=115&h=186&c=7&r=0&o=5&pid=1.7');
INSERT INTO Image (id_img, imgPath) VALUES (19, 'https://i.ytimg.com/vi/gkoiUJCc8fo/maxresdefault.jpg');
INSERT INTO Image (id_img, imgPath) VALUES (20, 'https://ew.com/thmb/eOA828tcpkS98l1ZRi-rxjPgAYk=/1500x0/filters:no_upscale():max_bytes(150000):strip_icc()/jesse-lex-77ba9616cc8047fdb19a6274d7dd7b22.jpg');
INSERT INTO Image (id_img, imgPath) VALUES (21, 'https://c4.wallpaperflare.com/wallpaper/728/955/794/the-lord-of-the-rings-aragorn-viggo-mortensen-anduril-wallpaper-preview.jpg');
INSERT INTO Image (id_img, imgPath) VALUES (22, 'https://wallpaper.forfun.com/fetch/09/09f0bdc10d31c0a4a2e5a27e76df7c63.jpeg');
INSERT INTO Image (id_img, imgPath) VALUES (23, 'https://preview.redd.it/fythoz0k1ep91.jpg?auto=webp&s=6f6b698d64fac846493fe93c8fe1c43481755182');
INSERT INTO Image (id_img, imgPath) VALUES (24, 'https://tse4.mm.bing.net/th/id/OIP.mbfvWIhPg0gZJA5FGmkilwHaFr?w=188&h=180&c=7&r=0&o=5&pid=1.7');
INSERT INTO Image (id_img, imgPath) VALUES (25, 'https://tse4.mm.bing.net/th/id/OIP.kS6XFK6-lD-RzYdwHAj_LgHaEK?w=255&h=180&c=7&r=0&o=5&pid=1.7');
INSERT INTO Image (id_img, imgPath) VALUES (26, 'https://e1.pxfuel.com/desktop-wallpaper/663/593/desktop-wallpaper-artstation-alan-grant-jurassic-park.jpg');
INSERT INTO Image (id_img, imgPath) VALUES (27, 'https://tse2.mm.bing.net/th/id/OIP.GKlbhFXb8PhWKTBgLYCRNAHaHX?w=176&h=180&c=7&r=0&o=5&pid=1.7');
INSERT INTO Image (id_img, imgPath) VALUES (28, 'https://tse4.mm.bing.net/th/id/OIP.5XrvOjUpYQsABU-bnFQIxwHaK7?w=127&h=187&c=7&r=0&o=5&pid=1.7');
INSERT INTO Image (id_img, imgPath) VALUES (29, 'https://jolly-roger.fr/wp-content/uploads/2021/03/elizabeth-swann-pirate.jpg');
INSERT INTO Image (id_img, imgPath) VALUES (30, 'https://www.latercera.com/resizer/v2/LS6NAJWL4ZA4PMRN4MTK5YYLBE.jpeg?quality=80&smart=true&auth=361ee0dc5e5f0316d8af2ce82a9985305610a5eee94bd4d6f175f411f8a1c21a&width=1200&height=800');
INSERT INTO Image (id_img, imgPath) VALUES (31, 'https://tse1.mm.bing.net/th/id/OIP.-8TP3nkEc30yCD1PolGRbQHaJW?w=194&h=245&c=7&r=0&o=5&pid=1.7');
INSERT INTO Image (id_img, imgPath) VALUES (32, 'https://media.gettyimages.com/id/474093660/video/exhibition-of-star-wars-exhibits-in-madame-tussauds.jpg?s=640x640&k=20&c=JW9zbd3dYbco58tX2-YxNKlXk9YYvdn0iuyqJYqjvbk=');
INSERT INTO Image (id_img, imgPath) VALUES (33, 'https://tse2.mm.bing.net/th/id/OIP.79bf2opzc4vp3nvyKdI9QAHaHa?w=164&h=180&c=7&r=0&o=5&pid=1.7');
INSERT INTO Image (id_img, imgPath) VALUES (34, 'https://c4.wallpaperflare.com/wallpaper/28/833/294/people-harry-potter-actors-cast-remus-lupin-david-thewlis-2000x2667-people-actors-hd-art-wallpaper-preview.jpg');
INSERT INTO Image (id_img, imgPath) VALUES (35, 'https://imgsrc.cineserie.com/2023/06/ariana-richards-lex-murphy-jurassic-park-che%CC%80vre.jpeg?ver=1');
INSERT INTO Image (id_img, imgPath) VALUES (36, 'https://pm1.aminoapps.com/6921/9eb8d851d100f9c6b8333f9b4e4408825e42d8b6r1-701-394v2_uhq.jpg');
INSERT INTO Image (id_img, imgPath) VALUES (37, 'https://wallpapercave.com/wp/wp8387405.jpg');
INSERT INTO Image (id_img, imgPath) VALUES (38, 'https://wallpapercat.com/w/full/3/8/0/174070-1640x2258-iphone-hd-the-godfather-background-image.jpg');
INSERT INTO Image (id_img, imgPath) VALUES (39, 'https://e0.pxfuel.com/wallpapers/276/789/desktop-wallpaper-harry-potter-serious-pose.jpg');
INSERT INTO Image (id_img, imgPath) VALUES (40, 'https://wallpapercat.com/w/full/b/a/a/486909-3840x2160-desktop-4k-tony-stark-iron-man-background-image.jpg');
INSERT INTO Image (id_img, imgPath) VALUES (41, 'https://p4.wallpaperbetter.com/wallpaper/199/843/615/the-divergent-series-insurgent-2015-four-wallpaper-preview.jpg');
INSERT INTO Image (id_img, imgPath) VALUES (42, 'https://i.ytimg.com/vi/Ln-S6p-lQCs/hq720.jpg?sqp=-oaymwEhCK4FEIIDSFryq4qpAxMIARUAAAAAGAElAADIQj0AgKJD&rs=AOn4CLBqG4sPNP_rx7-44m9FKJtxTL-5Xw');
INSERT INTO Image (id_img, imgPath) VALUES (43, 'https://tse3.mm.bing.net/th/id/OIP.gl3qdaf8Njvek6PM5AVgXgHaFj?w=228&h=180&c=7&r=0&o=5&pid=1.7');
INSERT INTO Image (id_img, imgPath) VALUES (44, 'https://hips.hearstapps.com/digitalspyuk.cdnds.net/17/48/1512062505-1502997182-ewan-mcgregor-as-obi-wan-014.jpg?crop=1.00xw:0.837xh;0,0.0217xh&resize=1200:*');
INSERT INTO Image (id_img, imgPath) VALUES (45, 'https://assets.afcdn.com/album/D20221122/phalbm26108192.jpg');
INSERT INTO Image (id_img, imgPath) VALUES (46, 'https://tse4.mm.bing.net/th/id/OIP.OQFYbcxGZsFJlvLIT8jrLAHaDt?w=310&h=180&c=7&r=0&o=5&pid=1.7');
INSERT INTO Image (id_img, imgPath) VALUES (47, 'https://www.serieously.com/app/uploads/2023/02/gaston-la-belle-et-la-bete-disney.jpg?width=768&height=432&fit=cover');
INSERT INTO Image (id_img, imgPath) VALUES (48, 'https://www.pluggedin.com/wp-content/uploads/2021/09/Dug-Days.jpg');
INSERT INTO Image (id_img, imgPath) VALUES (49, 'https://tse4.mm.bing.net/th/id/OIP.nFqhuPIEX-oV0i8PWjC1DwHaEx?w=186&h=180&c=7&r=0&o=5&pid=1.7');
INSERT INTO Image (id_img, imgPath) VALUES (50, 'https://wallpaper.forfun.com/fetch/b5/b5e9d1575de5fc3922820ed3f1e7c03d.jpeg');
INSERT INTO Image (id_img, imgPath) VALUES (51, 'https://www.indiewire.com/wp-content/uploads/2019/07/Screen-Shot-2019-07-16-at-4.36.58-PM.png');
INSERT INTO Image (id_img, imgPath) VALUES (52, 'https://tse1.mm.bing.net/th/id/OIP.7ZWmLIPHcKWDZZjROnCh3AHaDF?w=287&h=145&c=7&r=0&o=5&pid=1.7');
INSERT INTO Image (id_img, imgPath) VALUES (54, 'https://tse1.mm.bing.net/th/id/OIP.csFLWCPUhS7NhdJT8-Cq-QHaEL?w=270&h=180&c=7&r=0&o=5&pid=1.7');
INSERT INTO Image (id_img, imgPath) VALUES (55, 'https://pm1.aminoapps.com/6934/51dccd2dcb8e60f52489446de42a9531a3d065c3r1-914-1168v2_uhq.jpg');
INSERT INTO Image (id_img, imgPath) VALUES (56, 'https://tse3.mm.bing.net/th/id/OIP.eYavZu8-Xp11x2Pod8v6bQHaKw?w=194&h=282&c=7&r=0&o=5&pid=1.7');
INSERT INTO Image (id_img, imgPath) VALUES (57, 'https://hips.hearstapps.com/digitalspyuk.cdnds.net/15/47/1447947319-movies-hunger-games-haymitc-2.jpg');
INSERT INTO Image (id_img, imgPath) VALUES (58, 'https://thestoreofthering.com/cdn/shop/articles/plp1ETz-gollum-wallpapers.jpg?v=1715265338&width=1100');
INSERT INTO Image (id_img, imgPath) VALUES (59, 'https://tse1.mm.bing.net/th/id/OIP.HlRkAcz7BjIBsRU59L4owAHaHa?w=149&h=180&c=7&r=0&o=5&pid=1.7');
INSERT INTO Image (id_img, imgPath) VALUES (60, 'https://static1.srcdn.com/wordpress/wp-content/uploads/2020/09/Lambert-Wilson-as-Merovingian-in-Matrix.jpg');
INSERT INTO Image (id_img, imgPath) VALUES (61, 'https://tse4.mm.bing.net/th/id/OIP.lObXQdwuf5hDc_g40knCmQHaDt?w=348&h=174&c=7&r=0&o=5&pid=1.7');
INSERT INTO Image (id_img, imgPath) VALUES (62, 'https://tse2.mm.bing.net/th/id/OIP.xkBsnyA8BI1MgSGbQpFhOQAAAA?w=115&h=180&c=7&r=0&o=5&pid=1.7');
INSERT INTO Image (id_img, imgPath) VALUES (63, 'https://www.serieously.com/app/uploads/2022/10/jan-edgecomb-la-ligne-verte.jpg');
INSERT INTO Image (id_img, imgPath) VALUES (64, 'https://static.wixstatic.com/media/065e6b_dd1a8624bd5b40c9848aeec671ed811b.png/v1/fill/w_568,h_444,al_c,q_85,usm_0.66_1.00_0.01,enc_auto/065e6b_dd1a8624bd5b40c9848aeec671ed811b.png');
INSERT INTO Image (id_img, imgPath) VALUES (65, 'https://images.radio-canada.ca/q_auto,w_700/v1/ici-premiere/16x9/bienent-joker-phoenix.jpg');
INSERT INTO Image (id_img, imgPath) VALUES (66, 'https://media.anakinworld.com/uploads/entries/original/rey-18930.jpg');
INSERT INTO Image (id_img, imgPath) VALUES (67, 'https://a1cf74336522e87f135f-2f21ace9a6cf0052456644b80fa06d4f.ssl.cf2.rackcdn.com/images/characters/large/800/Ian-Malcolm.Jurassic-Park.webp');
INSERT INTO Image (id_img, imgPath) VALUES (68, 'https://liguedesofficiersdetatcivil.fr/wp-content/uploads/2016/12/rafiki.jpg');
INSERT INTO Image (id_img, imgPath) VALUES (69, 'https://imgcdn.stablediffusionweb.com/2024/10/12/c175c3d4-32b3-4f46-b49c-2fc1ac1e4ae9.jpg');
INSERT INTO Image (id_img, imgPath) VALUES (70, 'https://tse4.mm.bing.net/th/id/OIP._TZXuDVR3nHwrSJ9PPxJvAHaFO?w=230&h=180&c=7&r=0&o=5&pid=1.7');
INSERT INTO Image (id_img, imgPath) VALUES (71, 'https://wallpaper.forfun.com/fetch/c4/c4259d6759fef9865dc6afb0c0bbd921.jpeg');
INSERT INTO Image (id_img, imgPath) VALUES (72, 'https://tse3.mm.bing.net/th/id/OIP.djhwHrNS0CLKzx4LLJWpLAHaFs?w=173&h=180&c=7&r=0&o=5&pid=1.7');
INSERT INTO Image (id_img, imgPath) VALUES (73, 'https://m.media-amazon.com/images/I/71RqcrcMYZL._SL1500_.jpg');
INSERT INTO Image (id_img, imgPath) VALUES (74, 'https://tse1.mm.bing.net/th/id/OIP.je21xi_joSEUE4w8OkIg9gHaEL?w=317&h=180&c=7&r=0&o=5&pid=1.7');
INSERT INTO Image (id_img, imgPath) VALUES (75, 'https://cdn.sortiraparis.com/images/80/69688/1094536-divergente-3-au-dela-du-mur-bande-annonce.jpg');
INSERT INTO Image (id_img, imgPath) VALUES (76, 'https://hips.hearstapps.com/digitalspyuk.cdnds.net/15/51/1450442440-morpheus-matrix.jpg?crop=1xw:0.9926470588235294xh;center,top');
INSERT INTO Image (id_img, imgPath) VALUES (77, 'https://tse2.mm.bing.net/th/id/OIP.UMdT8raLVqv9rCr2E1O_nAHaFS?w=244&h=180&c=7&r=0&o=5&pid=1.7');
INSERT INTO Image (id_img, imgPath) VALUES (78, 'https://c4.wallpaperflare.com/wallpaper/454/593/135/the-hunger-games-the-hunger-games-mockingjay-part-1-josh-hutcherson-peeta-mellark-wallpaper-preview.jpg');
INSERT INTO Image (id_img, imgPath) VALUES (79, 'https://tse3.mm.bing.net/th/id/OIP.v7fsQh9Sd5LytyVQoez3cwHaE2?w=194&h=127&c=7&r=0&o=5&pid=1.7');
INSERT INTO Image (id_img, imgPath) VALUES (80, 'https://wallpaper.forfun.com/fetch/72/724781dbe473f4534560e57fff74b1a1.jpeg');
INSERT INTO Image (id_img, imgPath) VALUES (81, 'https://wallpaper.forfun.com/fetch/22/22f372e3ab162c4857a0b031cfb17268.jpeg');
INSERT INTO Image (id_img, imgPath) VALUES (82, 'https://blurayauthority.com/wp-content/uploads/2018/05/gladiatorhd_pub.png');
INSERT INTO Image (id_img, imgPath) VALUES (83, 'https://tse3.mm.bing.net/th/id/OIP.b9_3MMu1kK4yyKVCt-wtYwHaEK?w=278&h=180&c=7&r=0&o=5&pid=1.7');
INSERT INTO Image (id_img, imgPath) VALUES (84, 'https://wallpaper.forfun.com/fetch/aa/aad6fdcec6defed13bab6579953c1aa4.jpeg');
INSERT INTO Image (id_img, imgPath) VALUES (85, 'https://tse1.mm.bing.net/th/id/OIP.3svdf3xniHZ5huU-D1cptQHaEK?w=329&h=185&c=7&r=0&o=5&pid=1.7');
INSERT INTO Image (id_img, imgPath) VALUES (86, 'https://tse4.mm.bing.net/th/id/OIP.F1alSEClhkaZE3VGDf9IbgHaHa?w=209&h=209&c=7&r=0&o=5&pid=1.7');
INSERT INTO Image (id_img, imgPath) VALUES (87, 'https://tse2.mm.bing.net/th/id/OIP.7MO2w6ic7ik2arvdOTejHwHaLa?w=115&h=180&c=7&r=0&o=5&pid=1.7');
INSERT INTO Image (id_img, imgPath) VALUES (88, 'https://www.chroniquedisney.fr/imgPerso/secondsroles/1994-mufasa-01.jpg');
INSERT INTO Image (id_img, imgPath) VALUES (89, 'https://wallpaper.forfun.com/fetch/6a/6a35e3073106346ce3bf65c5186f23b5.jpeg');
INSERT INTO Image (id_img, imgPath) VALUES (90, 'https://static.hitek.fr/img/up_m/1897827306/screenshot20240714at1846394facebookrepairedenhanced.jpg');
INSERT INTO Image (id_img, imgPath) VALUES (91, 'https://ds.static.rtbf.be/article/image/1248x1248/e/6/6/fa84632d742f2729dc32ce8cb5d49733-1702552617.jpg');
INSERT INTO Image (id_img, imgPath) VALUES (92, 'https://tse1.mm.bing.net/th/id/OIP.LTvVuaapKih6VpqAOtZudgHaK6?w=194&h=287&c=7&r=0&o=5&pid=1.7');
INSERT INTO Image (id_img, imgPath) VALUES (93, 'https://www.lexpress.fr/resizer/v2/NX5EMUVUNVBXXLJUEEFNSRO5NI.jpg?auth=0d1b7c5c3950384f4ffc99bb87eebf0ac0105f91fdc68bb6557cef4b814d9534&width=1200&height=630&quality=85&smart=true');
INSERT INTO Image (id_img, imgPath) VALUES (94, 'https://wallpapers.com/images/hd/star-wars-luke-skywalker-4k-bqk38lf6fznioexd.jpg');
INSERT INTO Image (id_img, imgPath) VALUES (95, 'https://wallpapercat.com/w/full/b/3/8/249425-1920x2560-mobile-hd-hermione-granger-background-image.jpg');
INSERT INTO Image (id_img, imgPath) VALUES (96, 'https://media.gqmagazine.fr/photos/64907ade8e8457689a904913/1:1/w_720,h_720,c_limit/Forrest%20Gump.jpeg');
INSERT INTO Image (id_img, imgPath) VALUES (97, 'https://wallpapercat.com/w/full/8/7/7/459660-2560x2048-desktop-hd-agent-smith-the-matrix-background-photo.jpg');
INSERT INTO Image (id_img, imgPath) VALUES (98, 'https://www.thmmagazine.fr/wp-content/uploads/2016/11/Deadpool-Ultra-HD-BluRay-te.jpg');
INSERT INTO Image (id_img, imgPath) VALUES (99, 'https://tse3.mm.bing.net/th/id/OIP.P4hzN60jIU4IQ7WnfJHN5AHaJQ?w=135&h=180&c=7&r=0&o=5&pid=1.7');
INSERT INTO Image (id_img, imgPath) VALUES (100, 'https://bookstacked.com/wp-content/uploads/2016/08/divergent-zoe-kravitz-christina.jpg');
INSERT INTO Image (id_img, imgPath) VALUES (101, 'https://blogger.googleusercontent.com/img/b/R29vZ2xl/AVvXsEijYdiNyN1FosCPl4YFsjh4NzlUl4P7QlKz_6eCQFGAzACHKizY4F06BLF1cwj-rcYoSZP0vfPnNxEXaEuJOdaq9JP9VQVQD0YjYKsX3mmHvK85lN-J-XXoH61MEt_FP9lZ1Hb2kAz9SrT3/s1600/snow.jpg');
INSERT INTO Image (id_img, imgPath) VALUES (102, 'https://images.rtl.fr/~c/2000v2000/rtl/www/1328784-johnny-depp-dans-le-role-de-gellert-grindelwald.jpg');
INSERT INTO Image (id_img, imgPath) VALUES (103, 'https://static1.colliderimages.com/wordpress/wp-content/uploads/2023/11/hunger-games-rue-2.jpg');
INSERT INTO Image (id_img, imgPath) VALUES (104, 'https://blogger.googleusercontent.com/img/b/R29vZ2xl/AVvXsEgi14KQ1hIAJAdMwBDeFwpjmwts2NLvIpDEcNipmbsPlHDlF2RPjdIYp9qlSBiosA7K1VcGHMLnJy5qGGPX0p2PWza4g8hJbn4VFN7RSeNYBThSgbQb-lPr3Y411xrR1RVeAPQOJmxuets/s1600/May+Parker+-.jpg');
INSERT INTO Image (id_img, imgPath) VALUES (105, 'https://tse2.mm.bing.net/th/id/OIP.zR4rzkK7q2wCcNwZd6jjegHaIC?w=163&h=180&c=7&r=0&o=5&pid=1.7');
INSERT INTO Image (id_img, imgPath) VALUES (106, 'https://tse2.mm.bing.net/th/id/OIP.UICndeUgBDrka76aTOvAKQHaLH?w=147&h=220&c=7&r=0&o=5&pid=1.7');
INSERT INTO Image (id_img, imgPath) VALUES (107, 'https://www.tomsguide.fr/content/uploads/sites/2/2021/05/batman-et-robin-mr-freeze.jpg');


-- Insertion des utilisateurs dans la table Users et Admin
INSERT INTO Users (id_user, username, email, password, img, creation) 
VALUES (1, 'admin', 'admin@admin.com', 'hashed_password', 1, '2024-01-01');

INSERT INTO Admin (users) 
VALUES (1);

-- Insertion des œuvres dans la table Source
INSERT INTO Source (id_source, title, dateS) VALUES (1, 'Cars', 2006);
INSERT INTO Source (id_source, title, dateS) VALUES (2, 'Le Parrain, 3ème partie', 1972);
INSERT INTO Source (id_source, title, dateS) VALUES (3, 'Hunger Games : la révolte - 1re partie', 2012);
INSERT INTO Source (id_source, title, dateS) VALUES (4, 'Le hobbit : la désolation de Smaug', 2012);
INSERT INTO Source (id_source, title, dateS) VALUES (5, 'Là-haut', 2009);
INSERT INTO Source (id_source, title, dateS) VALUES (6, 'Raiponce', 2010);
INSERT INTO Source (id_source, title, dateS) VALUES (7, 'Harry Potter et les reliques de la mort - 1re partie', 2001);
INSERT INTO Source (id_source, title, dateS) VALUES (8, 'Le seigneur des anneaux : les deux tours', 2001);
INSERT INTO Source (id_source, title, dateS) VALUES (9, 'Pulp Fiction', 1994);
INSERT INTO Source (id_source, title, dateS) VALUES (10, 'Dragons', 2010);
INSERT INTO Source (id_source, title, dateS) VALUES (11, 'Divergente', 2014);
INSERT INTO Source (id_source, title, dateS) VALUES (12, 'X-men 2', 2000);
INSERT INTO Source (id_source, title, dateS) VALUES (13, 'Shrek', 2001);
INSERT INTO Source (id_source, title, dateS) VALUES (14, 'Harry Potter à l’école des sorciers', 2001);
INSERT INTO Source (id_source, title, dateS) VALUES (15, 'Le Hobbit : un voyage inattendu', 2012);
INSERT INTO Source (id_source, title, dateS) VALUES (16, 'Le monde perdu', 1993);
INSERT INTO Source (id_source, title, dateS) VALUES (17, 'Star Wars : Episode 9 - L’ascension de Skywalker', 1977);
INSERT INTO Source (id_source, title, dateS) VALUES (18, 'Iron Man', 2008);
INSERT INTO Source (id_source, title, dateS) VALUES (19, 'Captain America : le soldat de l’hiver', 2011);
INSERT INTO Source (id_source, title, dateS) VALUES (20, 'Joker', 2019);
INSERT INTO Source (id_source, title, dateS) VALUES (21, 'Hunger Games', 2012);
INSERT INTO Source (id_source, title, dateS) VALUES (22, 'Pirates des Caraibes, la malédiction du Black Pearl', 2003);
INSERT INTO Source (id_source, title, dateS) VALUES (23, 'Aladdin', 1992);
INSERT INTO Source (id_source, title, dateS) VALUES (24, 'À tout jamais, une histoire de Cendrillon', 1950);
INSERT INTO Source (id_source, title, dateS) VALUES (25, 'Fight Club', 1999);
INSERT INTO Source (id_source, title, dateS) VALUES (26, 'The Amazing Spider-Man', 2002);
INSERT INTO Source (id_source, title, dateS) VALUES (27, 'Batman, la série animée', 1989);
INSERT INTO Source (id_source, title, dateS) VALUES (28, 'The Matrix Reloaded', 1999);
INSERT INTO Source (id_source, title, dateS) VALUES (29, 'Il faut sauver le soldat Ryan', 1998);
INSERT INTO Source (id_source, title, dateS) VALUES (30, 'Captain America : civil war', 2011);
INSERT INTO Source (id_source, title, dateS) VALUES (31, 'Aquaman', 2018);
INSERT INTO Source (id_source, title, dateS) VALUES (32, 'Hunger Games : l’embrasement', 2012);
INSERT INTO Source (id_source, title, dateS) VALUES (33, 'Pirates des Caraïbes, jusqu’au bout du monde', 2003);
INSERT INTO Source (id_source, title, dateS) VALUES (34, 'Le roi lion', 1994);
INSERT INTO Source (id_source, title, dateS) VALUES (35, 'Harry Potter et la coupe de feu', 2001);
INSERT INTO Source (id_source, title, dateS) VALUES (36, 'Star Wars : Episode 3 - La revanche des sith', 1977);
INSERT INTO Source (id_source, title, dateS) VALUES (37, 'Kung Fu Panda 2', 2008);
INSERT INTO Source (id_source, title, dateS) VALUES (38, 'Harry Potter et L’ordre du Phoenix', 2001);
INSERT INTO Source (id_source, title, dateS) VALUES (39, 'Le hobbit : la bataille des cinq armées', 2012);
INSERT INTO Source (id_source, title, dateS) VALUES (40, 'Batman v Superman : l’aube de la justice', 1989);
INSERT INTO Source (id_source, title, dateS) VALUES (41, 'Toy Story 2', 1995);
INSERT INTO Source (id_source, title, dateS) VALUES (42, 'Spider-Man : Far From Home', 2002);
INSERT INTO Source (id_source, title, dateS) VALUES (43, 'Star Wars : Episode 7 - Le réveil de la force', 1977);
INSERT INTO Source (id_source, title, dateS) VALUES (44, 'Deadpool', 2016);
INSERT INTO Source (id_source, title, dateS) VALUES (45, 'Harry Potter et le prisonnier d’Azkaban', 2001);
INSERT INTO Source (id_source, title, dateS) VALUES (46, 'Le parrain', 1972);
INSERT INTO Source (id_source, title, dateS) VALUES (47, 'Spider-Man', 2002);
INSERT INTO Source (id_source, title, dateS) VALUES (48, 'Star Wars : Episode 4 - Un nouvel espoir', 1977);
INSERT INTO Source (id_source, title, dateS) VALUES (49, 'Inception', 2010);
INSERT INTO Source (id_source, title, dateS) VALUES (50, 'Batman & Robin', 1989);
INSERT INTO Source (id_source, title, dateS) VALUES (51, 'Harry Potter et la chambre des secrets', 2001);
INSERT INTO Source (id_source, title, dateS) VALUES (52, 'Star Wars : Episode 1 - La menace fantôme', 1977);
INSERT INTO Source (id_source, title, dateS) VALUES (53, 'Thor : le monde des Ténèbres', 2011);
INSERT INTO Source (id_source, title, dateS) VALUES (54, 'Shrek 2', 2001);
INSERT INTO Source (id_source, title, dateS) VALUES (55, 'Les animaux fantastiques : les crimes de Grindewald', 2016);
INSERT INTO Source (id_source, title, dateS) VALUES (56, 'Le Seigneur des anneaux : le retour du roi', 2001);
INSERT INTO Source (id_source, title, dateS) VALUES (57, 'Forrest Gump', 1994);
INSERT INTO Source (id_source, title, dateS) VALUES (58, 'Harry Potter et les reliques de la mort - 2e partie', 2001);
INSERT INTO Source (id_source, title, dateS) VALUES (59, 'Matrix', 1999);
INSERT INTO Source (id_source, title, dateS) VALUES (60, 'Jurassic park', 1993);
INSERT INTO Source (id_source, title, dateS) VALUES (61, 'Gladiator', 2000);
INSERT INTO Source (id_source, title, dateS) VALUES (62, 'Batman begins', 1989);
INSERT INTO Source (id_source, title, dateS) VALUES (63, 'Star Wars : Episode 5 - L’empire contre-attaque', 1977);
INSERT INTO Source (id_source, title, dateS) VALUES (64, 'Madagascar', 2005);
INSERT INTO Source (id_source, title, dateS) VALUES (65, 'Braveheart', 1995);
INSERT INTO Source (id_source, title, dateS) VALUES (66, 'X-Men : Apocalypse', 2000);
INSERT INTO Source (id_source, title, dateS) VALUES (67, 'Le monde de Némo', 2003);
INSERT INTO Source (id_source, title, dateS) VALUES (68, 'Coco', 2017);
INSERT INTO Source (id_source, title, dateS) VALUES (69, 'La belle et la bête', 1991);
INSERT INTO Source (id_source, title, dateS) VALUES (70, 'The Dark Knight: Le Chevalier noir', 2008);
INSERT INTO Source (id_source, title, dateS) VALUES (71, 'Kung Fu Panda', 2008);
INSERT INTO Source (id_source, title, dateS) VALUES (72, 'Mulan 2', 1998);
INSERT INTO Source (id_source, title, dateS) VALUES (73, 'X-Men : Le commencement', 2000);
INSERT INTO Source (id_source, title, dateS) VALUES (74, 'La Ligne Verte', 1999);
INSERT INTO Source (id_source, title, dateS) VALUES (75, 'Mulan', 1998);
INSERT INTO Source (id_source, title, dateS) VALUES (76, 'Le seigneur des anneaux : la communauté de l’anneau', 2001);

-- Insertion des personnages dans la table Caracter
INSERT INTO Caracter (id_caracter, caracter, id_img) VALUES (1, 'Yoda', 32);
INSERT INTO Caracter (id_caracter, caracter, id_img) VALUES (2, 'Peeta', 78);
INSERT INTO Caracter (id_caracter, caracter, id_img) VALUES (3, 'Mushu', 17);
INSERT INTO Caracter (id_caracter, caracter, id_img) VALUES (4, 'Doc Hudson', 52);
INSERT INTO Caracter (id_caracter, caracter, id_img) VALUES (5, 'Melinda Moores', 63);
INSERT INTO Caracter (id_caracter, caracter, id_img) VALUES (6, 'Paul Edgecomb', 54);
INSERT INTO Caracter (id_caracter, caracter, id_img) VALUES (7, 'Drago Malefoy', 5);
INSERT INTO Caracter (id_caracter, caracter, id_img) VALUES (8, 'Aragorn', 21);
INSERT INTO Caracter (id_caracter, caracter, id_img) VALUES (9, 'Le président Snow', 101);
INSERT INTO Caracter (id_caracter, caracter, id_img) VALUES (10, 'Sam', 45);
INSERT INTO Caracter (id_caracter, caracter, id_img) VALUES (11, 'Qui-Gon Jinn', 84);
INSERT INTO Caracter (id_caracter, caracter, id_img) VALUES (12, 'Erik Selvig', 24);
INSERT INTO Caracter (id_caracter, caracter, id_img) VALUES (13, 'Frodon', 80);
INSERT INTO Caracter (id_caracter, caracter, id_img) VALUES (14, 'Vito Corleone', 38);
INSERT INTO Caracter (id_caracter, caracter, id_img) VALUES (15, 'Michael Corleone', 42);
INSERT INTO Caracter (id_caracter, caracter, id_img) VALUES (16, 'Ian Malcolm', 67);
INSERT INTO Caracter (id_caracter, caracter, id_img) VALUES (17, 'Hermione', 53);
INSERT INTO Caracter (id_caracter, caracter, id_img) VALUES (18, 'Christina', 100);
INSERT INTO Caracter (id_caracter, caracter, id_img) VALUES (19, 'Thörin II Ecu-De-Chêne', 90);
INSERT INTO Caracter (id_caracter, caracter, id_img) VALUES (20, 'Jafar', 43);
INSERT INTO Caracter (id_caracter, caracter, id_img) VALUES (21, 'Legolas', 31);
INSERT INTO Caracter (id_caracter, caracter, id_img) VALUES (22, 'Le Joker', 12);
INSERT INTO Caracter (id_caracter, caracter, id_img) VALUES (23, 'Scar', 83);
INSERT INTO Caracter (id_caracter, caracter, id_img) VALUES (24, 'Grindelwald', 102);
INSERT INTO Caracter (id_caracter, caracter, id_img) VALUES (25, 'Finnick Odair', 37);
INSERT INTO Caracter (id_caracter, caracter, id_img) VALUES (26, 'Dory', 105);
INSERT INTO Caracter (id_caracter, caracter, id_img) VALUES (27, 'Mufassa', 88);
INSERT INTO Caracter (id_caracter, caracter, id_img) VALUES (28, 'le Joker', 99);
INSERT INTO Caracter (id_caracter, caracter, id_img) VALUES (29, 'Maître Oogway', 4);
INSERT INTO Caracter (id_caracter, caracter, id_img) VALUES (30, 'Luke Skywalker', 94);
INSERT INTO Caracter (id_caracter, caracter, id_img) VALUES (31, 'Maximus', 82);
INSERT INTO Caracter (id_caracter, caracter, id_img) VALUES (32, 'Le capitaine Miller', 14);
INSERT INTO Caracter (id_caracter, caracter, id_img) VALUES (33, 'Forrest Gump', 96);
INSERT INTO Caracter (id_caracter, caracter, id_img) VALUES (34, 'John Coffey', 9);
INSERT INTO Caracter (id_caracter, caracter, id_img) VALUES (35, 'Ginny Weasley', 36);
INSERT INTO Caracter (id_caracter, caracter, id_img) VALUES (36, 'Arthur', 73);
INSERT INTO Caracter (id_caracter, caracter, id_img) VALUES (37, 'Dug', 48);
INSERT INTO Caracter (id_caracter, caracter, id_img) VALUES (38, 'Harold', 10);
INSERT INTO Caracter (id_caracter, caracter, id_img) VALUES (39, 'Coco', 8);
INSERT INTO Caracter (id_caracter, caracter, id_img) VALUES (40, 'Tyler', 27);
INSERT INTO Caracter (id_caracter, caracter, id_img) VALUES (41, 'Alan Grant', 26);
INSERT INTO Caracter (id_caracter, caracter, id_img) VALUES (42, 'Batman', 69);
INSERT INTO Caracter (id_caracter, caracter, id_img) VALUES (43, 'Le chat potté', 25);
INSERT INTO Caracter (id_caracter, caracter, id_img) VALUES (44, 'Black Panther', 6);
INSERT INTO Caracter (id_caracter, caracter, id_img) VALUES (45, 'Lord Voldemort', 11);
INSERT INTO Caracter (id_caracter, caracter, id_img) VALUES (46, 'Marty', 18);
INSERT INTO Caracter (id_caracter, caracter, id_img) VALUES (47, 'le roi T’Chaka', 56);
INSERT INTO Caracter (id_caracter, caracter, id_img) VALUES (48, 'Gale', 89);
INSERT INTO Caracter (id_caracter, caracter, id_img) VALUES (49, 'Peter Parker', 22);
INSERT INTO Caracter (id_caracter, caracter, id_img) VALUES (50, 'Sirius Black', 2);
INSERT INTO Caracter (id_caracter, caracter, id_img) VALUES (51, 'Quentin Beck', 51);
INSERT INTO Caracter (id_caracter, caracter, id_img) VALUES (52, 'Po', 91);
INSERT INTO Caracter (id_caracter, caracter, id_img) VALUES (53, 'Butch', 7);
INSERT INTO Caracter (id_caracter, caracter, id_img) VALUES (54, 'Gimli', 23);
INSERT INTO Caracter (id_caracter, caracter, id_img) VALUES (55, 'Morpheus', 76);
INSERT INTO Caracter (id_caracter, caracter, id_img) VALUES (56, 'Agent Smith', 97);
INSERT INTO Caracter (id_caracter, caracter, id_img) VALUES (57, 'Rue', 103);
INSERT INTO Caracter (id_caracter, caracter, id_img) VALUES (58, 'Dark Vador', 30);
INSERT INTO Caracter (id_caracter, caracter, id_img) VALUES (59, 'Hermione', 95);
INSERT INTO Caracter (id_caracter, caracter, id_img) VALUES (60, 'Gaston', 47);
INSERT INTO Caracter (id_caracter, caracter, id_img) VALUES (61, 'Le narrateur', 46);
INSERT INTO Caracter (id_caracter, caracter, id_img) VALUES (62, 'Sénateur Gracchus', 79);
INSERT INTO Caracter (id_caracter, caracter, id_img) VALUES (63, 'Thorin', 86);
INSERT INTO Caracter (id_caracter, caracter, id_img) VALUES (64, 'Sam Wilson', 28);
INSERT INTO Caracter (id_caracter, caracter, id_img) VALUES (65, 'May Parker', 104);
INSERT INTO Caracter (id_caracter, caracter, id_img) VALUES (66, 'Katniss', 93);
INSERT INTO Caracter (id_caracter, caracter, id_img) VALUES (67, 'Tris', 75);
INSERT INTO Caracter (id_caracter, caracter, id_img) VALUES (68, 'Timon', 72);
INSERT INTO Caracter (id_caracter, caracter, id_img) VALUES (69, 'Flynn Rider', 85);
INSERT INTO Caracter (id_caracter, caracter, id_img) VALUES (70, 'Wade / Deadpool', 98);
INSERT INTO Caracter (id_caracter, caracter, id_img) VALUES (71, 'Rafiki', 68);
INSERT INTO Caracter (id_caracter, caracter, id_img) VALUES (72, 'Obi-Wan', 44);
INSERT INTO Caracter (id_caracter, caracter, id_img) VALUES (73, 'Raiponce', 61);
INSERT INTO Caracter (id_caracter, caracter, id_img) VALUES (74, 'Jack', 71);
INSERT INTO Caracter (id_caracter, caracter, id_img) VALUES (75, 'Remus Lupin', 34);
INSERT INTO Caracter (id_caracter, caracter, id_img) VALUES (76, 'Harry', 39);
INSERT INTO Caracter (id_caracter, caracter, id_img) VALUES (77, 'Boromir', 3);
INSERT INTO Caracter (id_caracter, caracter, id_img) VALUES (78, 'Magneto', 81);
INSERT INTO Caracter (id_caracter, caracter, id_img) VALUES (79, 'Elizabeth', 29);
INSERT INTO Caracter (id_caracter, caracter, id_img) VALUES (80, 'le mérovingien', 60);
INSERT INTO Caracter (id_caracter, caracter, id_img) VALUES (81, 'Ariadne', 62);
INSERT INTO Caracter (id_caracter, caracter, id_img) VALUES (82, 'The Wolf', 1);
INSERT INTO Caracter (id_caracter, caracter, id_img) VALUES (83, 'Aladdin', 70);
INSERT INTO Caracter (id_caracter, caracter, id_img) VALUES (84, 'Malcolm Wallace', 87);
INSERT INTO Caracter (id_caracter, caracter, id_img) VALUES (85, 'Haymitch Abernathy', 57);
INSERT INTO Caracter (id_caracter, caracter, id_img) VALUES (86, 'Danielle', 33);
INSERT INTO Caracter (id_caracter, caracter, id_img) VALUES (87, 'Mulan', 92);
INSERT INTO Caracter (id_caracter, caracter, id_img) VALUES (88, 'Dumbledore', 55);
INSERT INTO Caracter (id_caracter, caracter, id_img) VALUES (89, 'Leia', 50);
INSERT INTO Caracter (id_caracter, caracter, id_img) VALUES (90, 'Professeur Charles Xavier', 15);
INSERT INTO Caracter (id_caracter, caracter, id_img) VALUES (91, 'les pingouins', 77);
INSERT INTO Caracter (id_caracter, caracter, id_img) VALUES (92, 'le Joker', 65);
INSERT INTO Caracter (id_caracter, caracter, id_img) VALUES (93, 'l’âne', 13);
INSERT INTO Caracter (id_caracter, caracter, id_img) VALUES (94, 'Gandalf', 64);
INSERT INTO Caracter (id_caracter, caracter, id_img) VALUES (95, 'William Wallace', 106);
INSERT INTO Caracter (id_caracter, caracter, id_img) VALUES (96, 'Gollum', 58);
INSERT INTO Caracter (id_caracter, caracter, id_img) VALUES (97, 'Smaug', 16);
INSERT INTO Caracter (id_caracter, caracter, id_img) VALUES (98, 'Quatre', 41);
INSERT INTO Caracter (id_caracter, caracter, id_img) VALUES (99, 'Marla', 49);
INSERT INTO Caracter (id_caracter, caracter, id_img) VALUES (100, 'Tony Stark', 40);
INSERT INTO Caracter (id_caracter, caracter, id_img) VALUES (101, 'Lex Luthor', 20);
INSERT INTO Caracter (id_caracter, caracter, id_img) VALUES (102, 'Rey', 66);
INSERT INTO Caracter (id_caracter, caracter, id_img) VALUES (103, 'Lex', 35);
INSERT INTO Caracter (id_caracter, caracter, id_img) VALUES (104, 'M. Patate', 74);
INSERT INTO Caracter (id_caracter, caracter, id_img) VALUES (105, 'Kurt Wagner', 19);
INSERT INTO Caracter (id_caracter, caracter, id_img) VALUES (106, 'Mr. Freeze', 107);
INSERT INTO Caracter (id_caracter, caracter, id_img) VALUES (107, 'Kylo Ren', 59);

-- Insertion des citations dans la table Quote
INSERT INTO Quote (id_quote, content, likes, langue, isValide, reason, id_caracter, id_source, id_user_verif) VALUES (1, 'Dans le monde il n’y a pas d’un côté le bien et le mal, il y a une part de lumière et d’ombre en chacun de nous. Ce qui compte c’est celle que l’on choisit de montrer dans nos actes, ça c’est ce que l’on est vraiment.', 0, 'fr', true, 'insertion de test', 50, 38, 1);
INSERT INTO Quote (id_quote, content, likes, langue, isValide, reason, id_caracter, id_source, id_user_verif) VALUES ('2', 'Il faut du courage pour affronter ses ennemis mais il en faut encore plus pour affronter ses amis…', 0, 'fr', true, 'insertion de test', 88, 14, 1);
INSERT INTO Quote (id_quote, content, likes, langue, isValide, reason, id_caracter, id_source, id_user_verif) VALUES ('3', 'Ce ne sont pas vos ressemblances qui comptent Harry, ce sont vos différences.', 0, 'fr', true, 'insertion de test', 88, 38, 1);
INSERT INTO Quote (id_quote, content, likes, langue, isValide, reason, id_caracter, id_source, id_user_verif) VALUES ('4', 'Le problème, c’est que les humains ont un don pour désirer ce qui leur fait le plus de mal.', 0, 'fr', true, 'insertion de test', 88, 14, 1);
INSERT INTO Quote (id_quote, content, likes, langue, isValide, reason, id_caracter, id_source, id_user_verif) VALUES ('5', 'Ce dont vous avez le plus peur est la peur elle-même, c’est une preuve de sagesse.', 0, 'fr', true, 'insertion de test', 75, 45, 1);
INSERT INTO Quote (id_quote, content, likes, langue, isValide, reason, id_caracter, id_source, id_user_verif) VALUES ('6', 'J’ai tout appris dans les livres. Mais il y a des choses beaucoup plus importantes, le courage, l’amitié.', 0, 'fr', true, 'insertion de test', 59, 14, 1);
INSERT INTO Quote (id_quote, content, likes, langue, isValide, reason, id_caracter, id_source, id_user_verif) VALUES ('7', 'Tout est possible du moment qu’on a assez de cran.', 0, 'fr', true, 'insertion de test', 35, 38, 1);
INSERT INTO Quote (id_quote, content, likes, langue, isValide, reason, id_caracter, id_source, id_user_verif) VALUES ('8', 'Ça ne fait pas grand bien de s’installer dans les rêves en oubliant de vivre…', 0, 'fr', true, 'insertion de test', 88, 14, 1);
INSERT INTO Quote (id_quote, content, likes, langue, isValide, reason, id_caracter, id_source, id_user_verif) VALUES ('9', 'Nous avons parié, mon père et moi. Je ne crois pas que tu tiendras dix minutes dans ce tournoi. Lui, il n’est pas d’accord, il croit que tu n’en tiendras pas cinq.', 0, 'fr', true, 'insertion de test', 7, 35, 1);
INSERT INTO Quote (id_quote, content, likes, langue, isValide, reason, id_caracter, id_source, id_user_verif) VALUES ('10', 'C’est de la force des convictions que dépend la réussite, pas du nombre des partisans.', 0, 'fr', true, 'insertion de test', 75, 58, 1);
INSERT INTO Quote (id_quote, content, likes, langue, isValide, reason, id_caracter, id_source, id_user_verif) VALUES ('11', 'Je me fiche éperdument de ce que pense ton père, Malefoy. Il est vil et cruel. Et toi, tu es pathétique.', 0, 'fr', true, 'insertion de test', 76, 35, 1);
INSERT INTO Quote (id_quote, content, likes, langue, isValide, reason, id_caracter, id_source, id_user_verif) VALUES ('12', 'J’ai lu dans ton cœur, et ton cœur est mien.', 0, 'fr', true, 'insertion de test', 45, 7, 1);
INSERT INTO Quote (id_quote, content, likes, langue, isValide, reason, id_caracter, id_source, id_user_verif) VALUES ('13', 'Dans le monde il n’y a pas d’un côté le bien et le mal, il y a une part de lumière et d’ombre en chacun de nous. Ce qui compte c’est celle que l’on choisit de montrer dans nos actes, ça c’est ce que l’on est vraiment.', 0, 'fr', true, 'insertion de test', 50, 38, 1);
INSERT INTO Quote (id_quote, content, likes, langue, isValide, reason, id_caracter, id_source, id_user_verif) VALUES ('14', 'Il faut du courage pour affronter ses ennemis mais il en faut encore plus pour affronter ses amis…', 0, 'fr', true, 'insertion de test', 88, 14, 1);
INSERT INTO Quote (id_quote, content, likes, langue, isValide, reason, id_caracter, id_source, id_user_verif) VALUES ('15', 'Ce ne sont pas nos capacités qui déterminent ce que nous sommes, Harry, ce sont nos choix !', 0, 'fr', true, 'insertion de test', 88, 51, 1);
INSERT INTO Quote (id_quote, content, likes, langue, isValide, reason, id_caracter, id_source, id_user_verif) VALUES ('16', 'Ce ne sont pas vos ressemblances qui comptent Harry, ce sont vos différences.', 0, 'fr', true, 'insertion de test', 88, 38, 1);
INSERT INTO Quote (id_quote, content, likes, langue, isValide, reason, id_caracter, id_source, id_user_verif) VALUES ('17', 'Le problème, c’est que les humains ont un don pour désirer ce qui leur fait le plus de mal.', 0, 'fr', true, 'insertion de test', 88, 14, 1);
INSERT INTO Quote (id_quote, content, likes, langue, isValide, reason, id_caracter, id_source, id_user_verif) VALUES ('18', 'Ce dont vous avez le plus peur est la peur elle-même, c’est une preuve de sagesse.', 0, 'fr', true, 'insertion de test', 75, 45, 1);
INSERT INTO Quote (id_quote, content, likes, langue, isValide, reason, id_caracter, id_source, id_user_verif) VALUES ('19', 'J’ai tout appris dans les livres. Mais il y a des choses beaucoup plus importantes, le courage, l’amitié.', 0, 'fr', true, 'insertion de test', 59, 14, 1);
INSERT INTO Quote (id_quote, content, likes, langue, isValide, reason, id_caracter, id_source, id_user_verif) VALUES ('20', 'Tout est possible du moment qu’on a assez de cran.', 0, 'fr', true, 'insertion de test', 35, 38, 1);
INSERT INTO Quote (id_quote, content, likes, langue, isValide, reason, id_caracter, id_source, id_user_verif) VALUES ('21', 'Ça ne fait pas grand bien de s’installer dans les rêves en oubliant de vivre…', 0, 'fr', true, 'insertion de test', 88, 14, 1);
INSERT INTO Quote (id_quote, content, likes, langue, isValide, reason, id_caracter, id_source, id_user_verif) VALUES ('22', 'Nous avons parié, mon père et moi. Je ne crois pas que tu tiendras dix minutes dans ce tournoi. Lui, il n’est pas d’accord, il croit que tu n’en tiendras pas cinq.', 0, 'fr', true, 'insertion de test', 7, 35, 1);
INSERT INTO Quote (id_quote, content, likes, langue, isValide, reason, id_caracter, id_source, id_user_verif) VALUES ('23', 'C’est de la force des convictions que dépend la réussite, pas du nombre des partisans.', 0, 'fr', true, 'insertion de test', 75, 58, 1);
INSERT INTO Quote (id_quote, content, likes, langue, isValide, reason, id_caracter, id_source, id_user_verif) VALUES ('24', 'Je me fiche éperdument de ce que pense ton père, Malefoy. Il est vil et cruel. Et toi, tu es pathétique.', 0, 'fr', true, 'insertion de test', 76, 35, 1);
INSERT INTO Quote (id_quote, content, likes, langue, isValide, reason, id_caracter, id_source, id_user_verif) VALUES ('25', 'J’ai lu dans ton cœur, et ton cœur est mien.', 0, 'fr', true, 'insertion de test', 45, 7, 1);
INSERT INTO Quote (id_quote, content, likes, langue, isValide, reason, id_caracter, id_source, id_user_verif) VALUES ('26', 'N’essaie pas ! Fais-le, ou ne le fais pas ! Il n’y a pas d’essai.', 0, 'fr', true, 'insertion de test', 1, 63, 1);
INSERT INTO Quote (id_quote, content, likes, langue, isValide, reason, id_caracter, id_source, id_user_verif) VALUES ('27', 'Que la Force soit avec toi…', 0, 'fr', true, 'insertion de test', 72, 48, 1);
INSERT INTO Quote (id_quote, content, likes, langue, isValide, reason, id_caracter, id_source, id_user_verif) VALUES ('28', 'Je suis ton père.', 0, 'fr', true, 'insertion de test', 58, 63, 1);
INSERT INTO Quote (id_quote, content, likes, langue, isValide, reason, id_caracter, id_source, id_user_verif) VALUES ('29', 'La prophétie voulait que tu détruises les Sith pas que tu deviennes comme eux !', 0, 'fr', true, 'insertion de test', 72, 36, 1);
INSERT INTO Quote (id_quote, content, likes, langue, isValide, reason, id_caracter, id_source, id_user_verif) VALUES ('30', 'Il y en a toujours un pour manger l’autre !', 0, 'fr', true, 'insertion de test', 11, 52, 1);
INSERT INTO Quote (id_quote, content, likes, langue, isValide, reason, id_caracter, id_source, id_user_verif) VALUES ('31', 'Qui est le plus fou des deux, le fou ou le fou qui le suit ?', 0, 'fr', true, 'insertion de test', 72, 48, 1);
INSERT INTO Quote (id_quote, content, likes, langue, isValide, reason, id_caracter, id_source, id_user_verif) VALUES ('32', 'S’il y a un point central dans cet univers, tu es sur la planète qui en est le plus éloigné…', 0, 'fr', true, 'insertion de test', 30, 48, 1);
INSERT INTO Quote (id_quote, content, likes, langue, isValide, reason, id_caracter, id_source, id_user_verif) VALUES ('33', 'Si c’est pour l’argent que vous faites ça, alors c’est tout ce que vous recevrez !', 0, 'fr', true, 'insertion de test', 89, 48, 1);
INSERT INTO Quote (id_quote, content, likes, langue, isValide, reason, id_caracter, id_source, id_user_verif) VALUES ('34', 'Je sais ce qu’il faut que je fasse mais je ne sais pas si j’en aurai la force.', 0, 'fr', true, 'insertion de test', 107, 43, 1);
INSERT INTO Quote (id_quote, content, likes, langue, isValide, reason, id_caracter, id_source, id_user_verif) VALUES ('35', 'La mort est une partie naturelle de la vie.', 0, 'fr', true, 'insertion de test', 1, 36, 1);
INSERT INTO Quote (id_quote, content, likes, langue, isValide, reason, id_caracter, id_source, id_user_verif) VALUES ('36', 'Votre manque de foi me consterne.', 0, 'fr', true, 'insertion de test', 58, 48, 1);
INSERT INTO Quote (id_quote, content, likes, langue, isValide, reason, id_caracter, id_source, id_user_verif) VALUES ('37', 'Il ne faut jamais sous-estimer un droïde.', 0, 'fr', true, 'insertion de test', 89, 17, 1);
INSERT INTO Quote (id_quote, content, likes, langue, isValide, reason, id_caracter, id_source, id_user_verif) VALUES ('38', 'Tu as peur de ne jamais être aussi fort que Dark Vador.', 0, 'fr', true, 'insertion de test', 102, 43, 1);
INSERT INTO Quote (id_quote, content, likes, langue, isValide, reason, id_caracter, id_source, id_user_verif) VALUES ('39', 'Vous ne passerez pas !', 0, 'fr', true, 'insertion de test', 94, 76, 1);
INSERT INTO Quote (id_quote, content, likes, langue, isValide, reason, id_caracter, id_source, id_user_verif) VALUES ('40', 'Il y a du bon dans ce monde, et il faut se battre pour cela.', 0, 'fr', true, 'insertion de test', 10, 76, 1);
INSERT INTO Quote (id_quote, content, likes, langue, isValide, reason, id_caracter, id_source, id_user_verif) VALUES ('41', 'Je ne vous dirais pas de ne pas pleurer car toutes les larmes ne sont pas un mal.', 0, 'fr', true, 'insertion de test', 94, 56, 1);
INSERT INTO Quote (id_quote, content, likes, langue, isValide, reason, id_caracter, id_source, id_user_verif) VALUES ('42', 'Je ne peux le porter pour vous, mais je peux vous porter vous !', 0, 'fr', true, 'insertion de test', 10, 56, 1);
INSERT INTO Quote (id_quote, content, likes, langue, isValide, reason, id_caracter, id_source, id_user_verif) VALUES ('43', 'Et bien, c’est plus gai dans un cimetière…', 0, 'fr', true, 'insertion de test', 54, 8, 1);
INSERT INTO Quote (id_quote, content, likes, langue, isValide, reason, id_caracter, id_source, id_user_verif) VALUES ('44', 'Mon précieux.', 0, 'fr', true, 'insertion de test', 96, 76, 1);
INSERT INTO Quote (id_quote, content, likes, langue, isValide, reason, id_caracter, id_source, id_user_verif) VALUES ('45', 'Je vous aurais suivi mon frère, mon capitaine, mon roi.', 0, 'fr', true, 'insertion de test', 77, 76, 1);
INSERT INTO Quote (id_quote, content, likes, langue, isValide, reason, id_caracter, id_source, id_user_verif) VALUES ('46', 'On nous a envoyé sauver la Comté Sam, et elle a été sauvée. Mais, pas pour moi…', 0, 'fr', true, 'insertion de test', 13, 56, 1);
INSERT INTO Quote (id_quote, content, likes, langue, isValide, reason, id_caracter, id_source, id_user_verif) VALUES ('47', 'Et mon arc est vôtre !', 0, 'fr', true, 'insertion de test', 21, 76, 1);
INSERT INTO Quote (id_quote, content, likes, langue, isValide, reason, id_caracter, id_source, id_user_verif) VALUES ('48', 'Toutes les larmes ne sont pas un mal.', 0, 'fr', true, 'insertion de test', 94, 56, 1);
INSERT INTO Quote (id_quote, content, likes, langue, isValide, reason, id_caracter, id_source, id_user_verif) VALUES ('49', 'Je suis Gandhalf le blanc, et je reviens vers vous en ce moment décisif.', 0, 'fr', true, 'insertion de test', 94, 8, 1);
INSERT INTO Quote (id_quote, content, likes, langue, isValide, reason, id_caracter, id_source, id_user_verif) VALUES ('50', 'Tout ce que nous avons à décider, c’est ce que nous devons faire du temps qui nous est imparti.', 0, 'fr', true, 'insertion de test', 94, 76, 1);
INSERT INTO Quote (id_quote, content, likes, langue, isValide, reason, id_caracter, id_source, id_user_verif) VALUES ('51', 'Mon épée est votre !', 0, 'fr', true, 'insertion de test', 8, 76, 1);
INSERT INTO Quote (id_quote, content, likes, langue, isValide, reason, id_caracter, id_source, id_user_verif) VALUES ('52', 'Pour Frodon.', 0, 'fr', true, 'insertion de test', 8, 56, 1);
INSERT INTO Quote (id_quote, content, likes, langue, isValide, reason, id_caracter, id_source, id_user_verif) VALUES ('53', 'Mes amis… ce n’est pas à vous de vous incliner.', 0, 'fr', true, 'insertion de test', 8, 56, 1);
INSERT INTO Quote (id_quote, content, likes, langue, isValide, reason, id_caracter, id_source, id_user_verif) VALUES ('54', 'Si Dieu est tout puissant, alors il ne peut pas être tout bienfaisant. Et s’il est tout bienfaisant, c’est qu’il ne peut pas être tout puissant.', 0, 'fr', true, 'insertion de test', 101, 40, 1);
INSERT INTO Quote (id_quote, content, likes, langue, isValide, reason, id_caracter, id_source, id_user_verif) VALUES ('55', 'Je ne vais pas vous tuer… mais rien ne m’oblige à vous sauver.', 0, 'fr', true, 'insertion de test', 42, 62, 1);
INSERT INTO Quote (id_quote, content, likes, langue, isValide, reason, id_caracter, id_source, id_user_verif) VALUES ('56', 'Ne compte pas me mettre au frais !', 0, 'fr', true, 'insertion de test', 106, 50, 1);
INSERT INTO Quote (id_quote, content, likes, langue, isValide, reason, id_caracter, id_source, id_user_verif) VALUES ('57', 'Que la farce soit avec toi.', 0, 'fr', true, 'insertion de test', 92, 27, 1);
INSERT INTO Quote (id_quote, content, likes, langue, isValide, reason, id_caracter, id_source, id_user_verif) VALUES ('58', 'Tu sais, si t’as l’intention de voler des voitures, te déguises pas en voleur de voitures.', 0, 'fr', true, 'insertion de test', 49, 26, 1);
INSERT INTO Quote (id_quote, content, likes, langue, isValide, reason, id_caracter, id_source, id_user_verif) VALUES ('59', 'Ne t’excuse jamais d’être le plus malin de la bande.', 0, 'fr', true, 'insertion de test', 51, 42, 1);
INSERT INTO Quote (id_quote, content, likes, langue, isValide, reason, id_caracter, id_source, id_user_verif) VALUES ('60', 'Tu en fais trop : les études, le boulot, tout le temps que tu passes avec moi… Tu n’es pas Superman tu sais !', 0, 'fr', true, 'insertion de test', 65, 47, 1);
INSERT INTO Quote (id_quote, content, likes, langue, isValide, reason, id_caracter, id_source, id_user_verif) VALUES ('61', 'Jarvis, il faut parfois savoir courir avant de savoir marcher.', 0, 'fr', true, 'insertion de test', 100, 18, 1);
INSERT INTO Quote (id_quote, content, likes, langue, isValide, reason, id_caracter, id_source, id_user_verif) VALUES ('62', 'Les records sont fait pour être battus !', 0, 'fr', true, 'insertion de test', 100, 18, 1);
INSERT INTO Quote (id_quote, content, likes, langue, isValide, reason, id_caracter, id_source, id_user_verif) VALUES ('63', 'Absorbez la pression, ne me la transmettez pas.', 0, 'fr', true, 'insertion de test', 100, 18, 1);
INSERT INTO Quote (id_quote, content, likes, langue, isValide, reason, id_caracter, id_source, id_user_verif) VALUES ('64', 'C’est comme dans un rêve.', 0, 'fr', true, 'insertion de test', 100, 18, 1);
INSERT INTO Quote (id_quote, content, likes, langue, isValide, reason, id_caracter, id_source, id_user_verif) VALUES ('65', 'La merde se crée toute seule, je ne fais que la remuer.', 0, 'fr', true, 'insertion de test', 70, 44, 1);
INSERT INTO Quote (id_quote, content, likes, langue, isValide, reason, id_caracter, id_source, id_user_verif) VALUES ('66', 'Je parie que Vulverine en a une jolie paire dans son slip kangourou.', 0, 'fr', true, 'insertion de test', 70, 44, 1);
INSERT INTO Quote (id_quote, content, likes, langue, isValide, reason, id_caracter, id_source, id_user_verif) VALUES ('67', 'La plupart des gens sont condamnés à ne jamais rien voir au delà de ce que leurs yeux leur disent…', 0, 'fr', true, 'insertion de test', 105, 12, 1);
INSERT INTO Quote (id_quote, content, likes, langue, isValide, reason, id_caracter, id_source, id_user_verif) VALUES ('68', 'Disons que je suis le monstre de Frankenstein, et que je cherche mon créateur.', 0, 'fr', true, 'insertion de test', 78, 73, 1);
INSERT INTO Quote (id_quote, content, likes, langue, isValide, reason, id_caracter, id_source, id_user_verif) VALUES ('69', 'Tu vaux tellement plus que ce que tu ne crois. Il n’y a pas que la douleur, la colère, tu as du cœur aussi, je l’ai vu en toi. Ce n’est pas qu’à moi que tu tournes le dos. Ici tu as une chance de faire partie d’une chose beaucoup plus grande que toi, une chose qui a besoin de toi.', 0, 'fr', true, 'insertion de test', 90, 66, 1);
INSERT INTO Quote (id_quote, content, likes, langue, isValide, reason, id_caracter, id_source, id_user_verif) VALUES ('70', 'Elle ne me laisse pas faire !', 0, 'fr', true, 'insertion de test', 105, 12, 1);
INSERT INTO Quote (id_quote, content, likes, langue, isValide, reason, id_caracter, id_source, id_user_verif) VALUES ('71', 'Si je suis venu, c’est que je n’avais pas le choix. Je suis venu sauver mon monde, les personnes que j’aime. Et je suis venu parce-que le trident est leur seul espoir. Et si ça suffit pas comme raison, tu peux aller te faire foutre.', 0, 'fr', true, 'insertion de test', 36, 31, 1);
INSERT INTO Quote (id_quote, content, likes, langue, isValide, reason, id_caracter, id_source, id_user_verif) VALUES ('72', 'Un homme qui ne passe pas de temps avec sa famille n’est pas vraiment un homme.', 0, 'fr', true, 'insertion de test', 14, 46, 1);
INSERT INTO Quote (id_quote, content, likes, langue, isValide, reason, id_caracter, id_source, id_user_verif) VALUES ('73', 'Il ne faut pas surestimer le pouvoir de pardonner.', 0, 'fr', true, 'insertion de test', 15, 2, 1);
INSERT INTO Quote (id_quote, content, likes, langue, isValide, reason, id_caracter, id_source, id_user_verif) VALUES ('74', 'Il ne faut pas que sa mère le voit dans cet état.', 0, 'fr', true, 'insertion de test', 14, 46, 1);
INSERT INTO Quote (id_quote, content, likes, langue, isValide, reason, id_caracter, id_source, id_user_verif) VALUES ('75', 'Le pouvoir ça se donne pas ça se prend.', 0, 'fr', true, 'insertion de test', 15, 2, 1);
INSERT INTO Quote (id_quote, content, likes, langue, isValide, reason, id_caracter, id_source, id_user_verif) VALUES ('76', 'Ce qui ne me tue pas me rend plus… bizarre.', 0, 'fr', true, 'insertion de test', 92, 70, 1);
INSERT INTO Quote (id_quote, content, likes, langue, isValide, reason, id_caracter, id_source, id_user_verif) VALUES ('77', 'Je suis comme un chien enragé qui court après une voiture, mais si j’en attrape une je ne sais pas à quoi elle me serait utile.', 0, 'fr', true, 'insertion de test', 92, 70, 1);
INSERT INTO Quote (id_quote, content, likes, langue, isValide, reason, id_caracter, id_source, id_user_verif) VALUES ('78', 'Bien le bonsoir, je suis l’animation de la soirée !', 0, 'fr', true, 'insertion de test', 92, 70, 1);
INSERT INTO Quote (id_quote, content, likes, langue, isValide, reason, id_caracter, id_source, id_user_verif) VALUES ('79', 'Et voila, il a disparu.', 0, 'fr', true, 'insertion de test', 92, 70, 1);
INSERT INTO Quote (id_quote, content, likes, langue, isValide, reason, id_caracter, id_source, id_user_verif) VALUES ('80', 'Ce ne sont pas juste des rêves, ce sont des souvenirs et tu as dit de ne jamais utiliser des souvenirs !', 0, 'fr', true, 'insertion de test', 81, 49, 1);
INSERT INTO Quote (id_quote, content, likes, langue, isValide, reason, id_caracter, id_source, id_user_verif) VALUES ('81', 'Il ne suffit pas de se mettre une plume dans le cul pour ressembler à un coq.', 0, 'fr', true, 'insertion de test', 40, 25, 1);
INSERT INTO Quote (id_quote, content, likes, langue, isValide, reason, id_caracter, id_source, id_user_verif) VALUES ('82', 'Je le considère comme un impôt sur la connerie.', 0, 'fr', true, 'insertion de test', 99, 25, 1);
INSERT INTO Quote (id_quote, content, likes, langue, isValide, reason, id_caracter, id_source, id_user_verif) VALUES ('83', 'Si j’avais vraiment une tumeur je la nommerais Marla… Marla, la petite écorchure qu’on a sur le palais et qui ne peut cicatriser que si on ne cesse de la lécher. Mais on ne peut pas.', 0, 'fr', true, 'insertion de test', 61, 25, 1);
INSERT INTO Quote (id_quote, content, likes, langue, isValide, reason, id_caracter, id_source, id_user_verif) VALUES ('84', 'Je veux que tu saches, au lieu d’en avoir peur, que tu saches que tu mourras un jour.', 0, 'fr', true, 'insertion de test', 40, 25, 1);
INSERT INTO Quote (id_quote, content, likes, langue, isValide, reason, id_caracter, id_source, id_user_verif) VALUES ('85', 'Vous avez une sorte de désespoir hystérique dans votre rire.', 0, 'fr', true, 'insertion de test', 40, 25, 1);
INSERT INTO Quote (id_quote, content, likes, langue, isValide, reason, id_caracter, id_source, id_user_verif) VALUES ('86', 'Je veux que tu me frappes aussi fort que tu peux.', 0, 'fr', true, 'insertion de test', 40, 25, 1);
INSERT INTO Quote (id_quote, content, likes, langue, isValide, reason, id_caracter, id_source, id_user_verif) VALUES ('87', 'Je le sais, parce que Tyler le sait.', 0, 'fr', true, 'insertion de test', 61, 25, 1);
INSERT INTO Quote (id_quote, content, likes, langue, isValide, reason, id_caracter, id_source, id_user_verif) VALUES ('88', 'Je fabrique et je vends du savon, l’objet qui indique le degré de civilisation.', 0, 'fr', true, 'insertion de test', 40, 25, 1);
INSERT INTO Quote (id_quote, content, likes, langue, isValide, reason, id_caracter, id_source, id_user_verif) VALUES ('89', 'Pas de peur, pas d’affolement, et la faculté d’ignorer totalement ce qui est sans importance.', 0, 'fr', true, 'insertion de test', 61, 25, 1);
INSERT INTO Quote (id_quote, content, likes, langue, isValide, reason, id_caracter, id_source, id_user_verif) VALUES ('90', 'Si vous le voulez bien, on se taillera des pipes plus tard, les enfants.', 0, 'fr', true, 'insertion de test', 82, 9, 1);
INSERT INTO Quote (id_quote, content, likes, langue, isValide, reason, id_caracter, id_source, id_user_verif) VALUES ('91', 'Je fais le mort dans la 5e.', 0, 'fr', true, 'insertion de test', 53, 9, 1);
INSERT INTO Quote (id_quote, content, likes, langue, isValide, reason, id_caracter, id_source, id_user_verif) VALUES ('92', 'Je courrais toujours pour aller partout, mais je ne pensais pas pour autant que ça allait me mener quelque part.', 0, 'fr', true, 'insertion de test', 33, 57, 1);
INSERT INTO Quote (id_quote, content, likes, langue, isValide, reason, id_caracter, id_source, id_user_verif) VALUES ('93', 'Je ne sais pas si c’est maman qui avait raison ou si c’est le lieutenant Dan… Je sais pas si nous avons chacun un destin… ou si nous… si nous nous laissons porter par le hasard comme sur une brise… Mais je… je crois que c’est peut-être un peu des deux… peut-être un peu des deux arrive en même temps.', 0, 'fr', true, 'insertion de test', 33, 57, 1);
INSERT INTO Quote (id_quote, content, likes, langue, isValide, reason, id_caracter, id_source, id_user_verif) VALUES ('94', 'Vous ne croirez pas si je vous le disais, mais je cours comme souffle le vent. À partir de ce jour, dès que j’allais quelque part, je le faisais en courant.', 0, 'fr', true, 'insertion de test', 33, 57, 1);
INSERT INTO Quote (id_quote, content, likes, langue, isValide, reason, id_caracter, id_source, id_user_verif) VALUES ('95', 'Nous ne sommes pas ici parce que nous sommes libres, nous sommes ici parce que nous ne le sommes pas.', 0, 'fr', true, 'insertion de test', 56, 28, 1);
INSERT INTO Quote (id_quote, content, likes, langue, isValide, reason, id_caracter, id_source, id_user_verif) VALUES ('96', 'Tu prends la pilule bleue, l’histoire s’arrête là, tu te réveilles dans ton lit, et tu crois ce que tu veux. Tu prends la pilule rouge, tu restes au Pays des Merveilles et je te montre jusqu’où va le terrier.', 0, 'fr', true, 'insertion de test', 55, 59, 1);
INSERT INTO Quote (id_quote, content, likes, langue, isValide, reason, id_caracter, id_source, id_user_verif) VALUES ('97', 'Le choix est une illusion créée entre ceux qui ont le pouvoir et ceux qui ne l’ont pas.', 0, 'fr', true, 'insertion de test', 80, 28, 1);
INSERT INTO Quote (id_quote, content, likes, langue, isValide, reason, id_caracter, id_source, id_user_verif) VALUES ('98', 'Le pouvoir génétique est la force la plus terrible que la planète ait connu, mais vous la maniez comme un enfant qui a trouvé le flingue de son père !', 0, 'fr', true, 'insertion de test', 16, 60, 1);
INSERT INTO Quote (id_quote, content, likes, langue, isValide, reason, id_caracter, id_source, id_user_verif) VALUES ('99', 'Il nous abandonne ! Il nous abandonne !', 0, 'fr', true, 'insertion de test', 103, 60, 1);
INSERT INTO Quote (id_quote, content, likes, langue, isValide, reason, id_caracter, id_source, id_user_verif) VALUES ('100', 'Ils se déplacent en troupeaux ! Ils se déplacent en troupeaux !', 0, 'fr', true, 'insertion de test', 41, 60, 1);
INSERT INTO Quote (id_quote, content, likes, langue, isValide, reason, id_caracter, id_source, id_user_verif) VALUES ('101', 'Son acuité visuelle est basée sur le mouvement.', 0, 'fr', true, 'insertion de test', 16, 60, 1);
INSERT INTO Quote (id_quote, content, likes, langue, isValide, reason, id_caracter, id_source, id_user_verif) VALUES ('102', 'Nous allons dans le seul endroit au monde où ce sont les oies qui vous chassent !', 0, 'fr', true, 'insertion de test', 16, 16, 1);
INSERT INTO Quote (id_quote, content, likes, langue, isValide, reason, id_caracter, id_source, id_user_verif) VALUES ('103', 'Ce que vous faites dans la vie résonne dans l’éternité.', 0, 'fr', true, 'insertion de test', 31, 61, 1);
INSERT INTO Quote (id_quote, content, likes, langue, isValide, reason, id_caracter, id_source, id_user_verif) VALUES ('104', 'Le véritable cœur de Rome n’est pas dans le marbre du Sénat, mais dans le sable du Colisée.', 0, 'fr', true, 'insertion de test', 62, 61, 1);
INSERT INTO Quote (id_quote, content, likes, langue, isValide, reason, id_caracter, id_source, id_user_verif) VALUES ('105', 'La boue s’efface plus facilement que le sang.', 0, 'fr', true, 'insertion de test', 31, 61, 1);
INSERT INTO Quote (id_quote, content, likes, langue, isValide, reason, id_caracter, id_source, id_user_verif) VALUES ('106', 'Mon nom est gladiator…', 0, 'fr', true, 'insertion de test', 31, 61, 1);
INSERT INTO Quote (id_quote, content, likes, langue, isValide, reason, id_caracter, id_source, id_user_verif) VALUES ('107', 'Ils peuvent nous ôter la vie… Mais ils ne nous ôteront jamais notre liberté.', 0, 'fr', true, 'insertion de test', 95, 65, 1);
INSERT INTO Quote (id_quote, content, likes, langue, isValide, reason, id_caracter, id_source, id_user_verif) VALUES ('108', 'Ton cœur est libre, trouve le courage de le suivre.', 0, 'fr', true, 'insertion de test', 84, 65, 1);
INSERT INTO Quote (id_quote, content, likes, langue, isValide, reason, id_caracter, id_source, id_user_verif) VALUES ('109', 'Ils se battirent en guerrier et en poète. Ils se battirent en écossais et gagnèrent leur liberté.', 0, 'fr', true, 'insertion de test', 95, 65, 1);
INSERT INTO Quote (id_quote, content, likes, langue, isValide, reason, id_caracter, id_source, id_user_verif) VALUES ('110', 'Il les a tuées avec leur amour. C’est comme ça tous les jours dans le monde entier.', 0, 'fr', true, 'insertion de test', 34, 74, 1);
INSERT INTO Quote (id_quote, content, likes, langue, isValide, reason, id_caracter, id_source, id_user_verif) VALUES ('111', 'On ne peut pas cacher ce qu’on a dans son cœur.', 0, 'fr', true, 'insertion de test', 34, 74, 1);
INSERT INTO Quote (id_quote, content, likes, langue, isValide, reason, id_caracter, id_source, id_user_verif) VALUES ('112', 'C’est comme si j’avais des bouts de verres dans ma tête… tout le temps.', 0, 'fr', true, 'insertion de test', 34, 74, 1);
INSERT INTO Quote (id_quote, content, likes, langue, isValide, reason, id_caracter, id_source, id_user_verif) VALUES ('113', 'John tenait a me donner un peu de lui. Le jour ou il a saisit ma main, une partie de son pouvoir est entrée en moi. Il nous a condamné a la vie.', 0, 'fr', true, 'insertion de test', 6, 74, 1);
INSERT INTO Quote (id_quote, content, likes, langue, isValide, reason, id_caracter, id_source, id_user_verif) VALUES ('114', 'J’ai rêvé de toi, j’ai rêvé que tu cherchais ton chemin dans la nuit, tout comme moi, et nous finissions par nous rencontrer… dans les ténèbres nous errions l’un et l’autre.', 0, 'fr', true, 'insertion de test', 5, 74, 1);
INSERT INTO Quote (id_quote, content, likes, langue, isValide, reason, id_caracter, id_source, id_user_verif) VALUES ('115', 'Tout ce que je sais, c’est qu’à chaque fois que je tue un homme je m’éloigne un peu plus de chez moi.', 0, 'fr', true, 'insertion de test', 32, 29, 1);
INSERT INTO Quote (id_quote, content, likes, langue, isValide, reason, id_caracter, id_source, id_user_verif) VALUES ('116', 'C’est toujours rassurant de voir que le monde est encore plus cinglé que vous !', 0, 'fr', true, 'insertion de test', 12, 53, 1);
INSERT INTO Quote (id_quote, content, likes, langue, isValide, reason, id_caracter, id_source, id_user_verif) VALUES ('117', 'La victoire au prix du sang des innocents n’est pas la victoire de la justice, c’est la victoire de la honte.', 0, 'fr', true, 'insertion de test', 47, 30, 1);
INSERT INTO Quote (id_quote, content, likes, langue, isValide, reason, id_caracter, id_source, id_user_verif) VALUES ('118', 'La vengeance est un déesse dévorante. Eux aussi en sont victimes… Je ne dois pas céder à son appel. La justice finira par triompher.', 0, 'fr', true, 'insertion de test', 44, 30, 1);
INSERT INTO Quote (id_quote, content, likes, langue, isValide, reason, id_caracter, id_source, id_user_verif) VALUES ('119', 'Je fais les mêmes choses que Captain, mais plus lentement.', 0, 'fr', true, 'insertion de test', 64, 19, 1);
INSERT INTO Quote (id_quote, content, likes, langue, isValide, reason, id_caracter, id_source, id_user_verif) VALUES ('120', 'Tu obtiens quoi si tu croises un aliéné mental solitaire avec une société qui l’abandonne dans son coin et le traite comme de la merde ? Je vais te le dire, moi, ce que tu obtiens ! Tu obtiens ce que tu mérites, enculé !', 0, 'fr', true, 'insertion de test', 92, 20, 1);
INSERT INTO Quote (id_quote, content, likes, langue, isValide, reason, id_caracter, id_source, id_user_verif) VALUES ('121', 'Est-ce moi, ou est-ce le monde qui devient de plus en plus fou ?', 0, 'fr', true, 'insertion de test', 92, 20, 1);
INSERT INTO Quote (id_quote, content, likes, langue, isValide, reason, id_caracter, id_source, id_user_verif) VALUES ('122', 'Tout ce que j’ai c’est des idées noires.', 0, 'fr', true, 'insertion de test', 92, 20, 1);
INSERT INTO Quote (id_quote, content, likes, langue, isValide, reason, id_caracter, id_source, id_user_verif) VALUES ('123', 'Ma mère me dit tout le temps de sourire, de faire bonne figure, elle m’a dit que j’avais une mission dans la vie : mettre du rire et de la joie dans ce monde.', 0, 'fr', true, 'insertion de test', 92, 20, 1);
INSERT INTO Quote (id_quote, content, likes, langue, isValide, reason, id_caracter, id_source, id_user_verif) VALUES ('124', 'L’espoir est la seule chose plus forte que la peur.', 0, 'fr', true, 'insertion de test', 9, 21, 1);
INSERT INTO Quote (id_quote, content, likes, langue, isValide, reason, id_caracter, id_source, id_user_verif) VALUES ('125', 'Si je dois mourir, je préfère rester comme je suis…', 0, 'fr', true, 'insertion de test', 2, 21, 1);
INSERT INTO Quote (id_quote, content, likes, langue, isValide, reason, id_caracter, id_source, id_user_verif) VALUES ('126', 'Tu ne vas pas mourir. Je te l’interdis. D’accord ?', 0, 'fr', true, 'insertion de test', 66, 21, 1);
INSERT INTO Quote (id_quote, content, likes, langue, isValide, reason, id_caracter, id_source, id_user_verif) VALUES ('127', 'Il faut que tu gagnes, Katniss.', 0, 'fr', true, 'insertion de test', 57, 21, 1);
INSERT INTO Quote (id_quote, content, likes, langue, isValide, reason, id_caracter, id_source, id_user_verif) VALUES ('128', 'Je ne veux pas perdre le garçon avec le pain.', 0, 'fr', true, 'insertion de test', 2, 21, 1);
INSERT INTO Quote (id_quote, content, likes, langue, isValide, reason, id_caracter, id_source, id_user_verif) VALUES ('129', 'On pourrait le faire tu sais, s’enfuir et vivre dans les bois.', 0, 'fr', true, 'insertion de test', 48, 21, 1);
INSERT INTO Quote (id_quote, content, likes, langue, isValide, reason, id_caracter, id_source, id_user_verif) VALUES ('130', 'Acceptez la possibilité de votre mort imminente. Et comprenez au plus profond de vous que je ne pourrais rien faire pour vous sauver.', 0, 'fr', true, 'insertion de test', 85, 21, 1);
INSERT INTO Quote (id_quote, content, likes, langue, isValide, reason, id_caracter, id_source, id_user_verif) VALUES ('131', 'Tu pourrais vivre cent vies que tu ne le mériterais pas tu sais…', 0, 'fr', true, 'insertion de test', 85, 21, 1);
INSERT INTO Quote (id_quote, content, likes, langue, isValide, reason, id_caracter, id_source, id_user_verif) VALUES ('132', 'Il ne faut surtout pas te laisser aller. C’est dix fois plus long de se reconstruire que de s’écrouler.', 0, 'fr', true, 'insertion de test', 25, 32, 1);
INSERT INTO Quote (id_quote, content, likes, langue, isValide, reason, id_caracter, id_source, id_user_verif) VALUES ('133', 'Tu veux un sucre.', 0, 'fr', true, 'insertion de test', 25, 32, 1);
INSERT INTO Quote (id_quote, content, likes, langue, isValide, reason, id_caracter, id_source, id_user_verif) VALUES ('134', 'Il n’y a plus de district 12 Katniss.', 0, 'fr', true, 'insertion de test', 48, 32, 1);
INSERT INTO Quote (id_quote, content, likes, langue, isValide, reason, id_caracter, id_source, id_user_verif) VALUES ('135', 'Si nous brûlons, vous brûlerez avec nous !', 0, 'fr', true, 'insertion de test', 66, 3, 1);
INSERT INTO Quote (id_quote, content, likes, langue, isValide, reason, id_caracter, id_source, id_user_verif) VALUES ('136', 'J’imagine que le moment est mal choisi pour vous dire que j’ai pendu un mannequin par le cou et inscrit le nom de Seneca Crane sur son torse.', 0, 'fr', true, 'insertion de test', 66, 21, 1);
INSERT INTO Quote (id_quote, content, likes, langue, isValide, reason, id_caracter, id_source, id_user_verif) VALUES ('137', 'Le feux ça se propage et si nous brûlons vous brûlerez avec nous !', 0, 'fr', true, 'insertion de test', 66, 21, 1);
INSERT INTO Quote (id_quote, content, likes, langue, isValide, reason, id_caracter, id_source, id_user_verif) VALUES ('138', 'La peur ne te paralyse pas elle te réveille.', 0, 'fr', true, 'insertion de test', 98, 11, 1);
INSERT INTO Quote (id_quote, content, likes, langue, isValide, reason, id_caracter, id_source, id_user_verif) VALUES ('139', 'Les gens avides de pouvoir et qui finissent par l’obtenir vivent dans la terreur de le perdre. Et c’est pour cette raison qu’il ne faut en donner qu’à ceux qui ne le désirent pas.', 0, 'fr', true, 'insertion de test', 67, 11, 1);
INSERT INTO Quote (id_quote, content, likes, langue, isValide, reason, id_caracter, id_source, id_user_verif) VALUES ('140', 'La politesse, ce n’est que de la fausseté dans un paquet-cadeau.', 0, 'fr', true, 'insertion de test', 18, 11, 1);
INSERT INTO Quote (id_quote, content, likes, langue, isValide, reason, id_caracter, id_source, id_user_verif) VALUES ('141', 'Quand on a peu de possessions, peu de désirs et que tout le monde a la même chose, on ne convoite pas les biens des autres.', 0, 'fr', true, 'insertion de test', 67, 11, 1);
INSERT INTO Quote (id_quote, content, likes, langue, isValide, reason, id_caracter, id_source, id_user_verif) VALUES ('142', 'Être désavoué par des lâches fait la grandeur des braves.', 0, 'fr', true, 'insertion de test', 24, 55, 1);
INSERT INTO Quote (id_quote, content, likes, langue, isValide, reason, id_caracter, id_source, id_user_verif) VALUES ('143', 'Je suis le feu. Je suis… la Mort.', 0, 'fr', true, 'insertion de test', 97, 4, 1);
INSERT INTO Quote (id_quote, content, likes, langue, isValide, reason, id_caracter, id_source, id_user_verif) VALUES ('144', 'Je jure que je ne me séparerai pas d’une seule pièce d’or, pas de la moindre parcelle.', 0, 'fr', true, 'insertion de test', 63, 39, 1);
INSERT INTO Quote (id_quote, content, likes, langue, isValide, reason, id_caracter, id_source, id_user_verif) VALUES ('145', 'De la loyauté, de l’honneur, un cœur vaillant, c’est tout ce que je demande !', 0, 'fr', true, 'insertion de test', 19, 15, 1);
INSERT INTO Quote (id_quote, content, likes, langue, isValide, reason, id_caracter, id_source, id_user_verif) VALUES ('146', 'Will Turner, est-ce que tu veux me prendre pour femme, pour le meilleur est pour le pire, je crois que le pire est à envisager.', 0, 'fr', true, 'insertion de test', 79, 33, 1);
INSERT INTO Quote (id_quote, content, likes, langue, isValide, reason, id_caracter, id_source, id_user_verif) VALUES ('147', 'Tous les trésors ne sont pas d’argent et d’or…', 0, 'fr', true, 'insertion de test', 74, 22, 1);
INSERT INTO Quote (id_quote, content, likes, langue, isValide, reason, id_caracter, id_source, id_user_verif) VALUES ('148', 'Tu ne remarques rien ? Ou plutôt ne remarques-tu pas l’absence de ce que tu devrais remarquer ?', 0, 'fr', true, 'insertion de test', 74, 33, 1);
INSERT INTO Quote (id_quote, content, likes, langue, isValide, reason, id_caracter, id_source, id_user_verif) VALUES ('149', 'Vous pouvez me tuer mon ami, mais ne m’insultez pas !', 0, 'fr', true, 'insertion de test', 74, 33, 1);
INSERT INTO Quote (id_quote, content, likes, langue, isValide, reason, id_caracter, id_source, id_user_verif) VALUES ('150', 'La mort a une curieuse façon de faire le tri parmi les priorités.', 0, 'fr', true, 'insertion de test', 74, 33, 1);
INSERT INTO Quote (id_quote, content, likes, langue, isValide, reason, id_caracter, id_source, id_user_verif) VALUES ('151', 'Mais il me semble que comme j’ai un navire et pas vous, c’est vous qui avez besoin que je vous sauve, et je ne sais pas si j’y suis vraiment disposé.', 0, 'fr', true, 'insertion de test', 74, 33, 1);
INSERT INTO Quote (id_quote, content, likes, langue, isValide, reason, id_caracter, id_source, id_user_verif) VALUES ('152', 'La cruauté est affaire de perspective.', 0, 'fr', true, 'insertion de test', 74, 33, 1);
INSERT INTO Quote (id_quote, content, likes, langue, isValide, reason, id_caracter, id_source, id_user_verif) VALUES ('153', 'Pas de ça de pas de ça !', 0, 'fr', true, 'insertion de test', 74, 33, 1);
INSERT INTO Quote (id_quote, content, likes, langue, isValide, reason, id_caracter, id_source, id_user_verif) VALUES ('154', 'Je sais pas c’qui me retient de le mettre en orbite !', 0, 'fr', true, 'insertion de test', 104, 41, 1);
INSERT INTO Quote (id_quote, content, likes, langue, isValide, reason, id_caracter, id_source, id_user_verif) VALUES ('155', 'Tu m’as oublié en oubliant qui tu étais.', 0, 'fr', true, 'insertion de test', 27, 34, 1);
INSERT INTO Quote (id_quote, content, likes, langue, isValide, reason, id_caracter, id_source, id_user_verif) VALUES ('156', 'Quand le monde te persécute, tu te dois de persécuter le monde.', 0, 'fr', true, 'insertion de test', 68, 34, 1);
INSERT INTO Quote (id_quote, content, likes, langue, isValide, reason, id_caracter, id_source, id_user_verif) VALUES ('157', 'Regarde au delà de ce que tu vois.', 0, 'fr', true, 'insertion de test', 71, 34, 1);
INSERT INTO Quote (id_quote, content, likes, langue, isValide, reason, id_caracter, id_source, id_user_verif) VALUES ('158', 'Et si je te le dis !', 0, 'fr', true, 'insertion de test', 23, 34, 1);
INSERT INTO Quote (id_quote, content, likes, langue, isValide, reason, id_caracter, id_source, id_user_verif) VALUES ('159', 'Je patauge dans l’imbécillité.', 0, 'fr', true, 'insertion de test', 23, 34, 1);
INSERT INTO Quote (id_quote, content, likes, langue, isValide, reason, id_caracter, id_source, id_user_verif) VALUES ('160', 'N’oublie pas qui tu es.', 0, 'fr', true, 'insertion de test', 27, 34, 1);
INSERT INTO Quote (id_quote, content, likes, langue, isValide, reason, id_caracter, id_source, id_user_verif) VALUES ('161', 'N’oublie pas qui tu es.', 0, 'fr', true, 'insertion de test', 27, 34, 1);
INSERT INTO Quote (id_quote, content, likes, langue, isValide, reason, id_caracter, id_source, id_user_verif) VALUES ('162', 'J’ai un corps d’Apollon et du plomb dans la tête.', 0, 'fr', true, 'insertion de test', 60, 69, 1);
INSERT INTO Quote (id_quote, content, likes, langue, isValide, reason, id_caracter, id_source, id_user_verif) VALUES ('163', 'La mort… par décapitation…', 0, 'fr', true, 'insertion de test', 20, 23, 1);
INSERT INTO Quote (id_quote, content, likes, langue, isValide, reason, id_caracter, id_source, id_user_verif) VALUES ('164', 'Quand on a rien, il faut faire comme si tout nous appartenait.', 0, 'fr', true, 'insertion de test', 83, 23, 1);
INSERT INTO Quote (id_quote, content, likes, langue, isValide, reason, id_caracter, id_source, id_user_verif) VALUES ('165', 'Mon seul devoir est celui de mon cœur.', 0, 'fr', true, 'insertion de test', 87, 72, 1);
INSERT INTO Quote (id_quote, content, likes, langue, isValide, reason, id_caracter, id_source, id_user_verif) VALUES ('166', 'Nan mais tu les as vus ?! Ils sont sortis, comme des marguerites !!', 0, 'fr', true, 'insertion de test', 3, 75, 1);
INSERT INTO Quote (id_quote, content, likes, langue, isValide, reason, id_caracter, id_source, id_user_verif) VALUES ('167', 'Vous êtes le plus privilégié des privilégiés, en contrepartie il vous faut remplir certaines responsabilités.', 0, 'fr', true, 'insertion de test', 86, 24, 1);
INSERT INTO Quote (id_quote, content, likes, langue, isValide, reason, id_caracter, id_source, id_user_verif) VALUES ('168', 'Je rêve ou je suis en train de me battre en duel avec un cheval ?', 0, 'fr', true, 'insertion de test', 69, 6, 1);
INSERT INTO Quote (id_quote, content, likes, langue, isValide, reason, id_caracter, id_source, id_user_verif) VALUES ('169', 'Wow, que d’émotions, et il est que huit heure du matin !', 0, 'fr', true, 'insertion de test', 69, 6, 1);
INSERT INTO Quote (id_quote, content, likes, langue, isValide, reason, id_caracter, id_source, id_user_verif) VALUES ('170', 'Il ne se passera plus un jour, une heure, une minute sans que je me batte !', 0, 'fr', true, 'insertion de test', 73, 6, 1);
INSERT INTO Quote (id_quote, content, likes, langue, isValide, reason, id_caracter, id_source, id_user_verif) VALUES ('171', 'Il suffit que je te regarde dans les yeux et je me sens… je me sens chez moi.', 0, 'fr', true, 'insertion de test', 26, 67, 1);
INSERT INTO Quote (id_quote, content, likes, langue, isValide, reason, id_caracter, id_source, id_user_verif) VALUES ('172', 'Je souffre de perte de la mémoire courte.', 0, 'fr', true, 'insertion de test', 26, 67, 1);
INSERT INTO Quote (id_quote, content, likes, langue, isValide, reason, id_caracter, id_source, id_user_verif) VALUES ('173', 'Oh il a de la chance de parler baleine !', 0, 'fr', true, 'insertion de test', 26, 67, 1);
INSERT INTO Quote (id_quote, content, likes, langue, isValide, reason, id_caracter, id_source, id_user_verif) VALUES ('174', 'Je ne vous connais pas, mais je vous aime déjà.', 0, 'fr', true, 'insertion de test', 37, 5, 1);
INSERT INTO Quote (id_quote, content, likes, langue, isValide, reason, id_caracter, id_source, id_user_verif) VALUES ('175', 'Arrête de faire ton Jean-Jacques !', 0, 'fr', true, 'insertion de test', 39, 68, 1);
INSERT INTO Quote (id_quote, content, likes, langue, isValide, reason, id_caracter, id_source, id_user_verif) VALUES ('176', 'Tu conduis comme tu répares les routes.', 0, 'fr', true, 'insertion de test', 4, 1, 1);
INSERT INTO Quote (id_quote, content, likes, langue, isValide, reason, id_caracter, id_source, id_user_verif) VALUES ('177', 'Je ne veux pas d’excuses, je veux des résultats !', 0, 'fr', true, 'insertion de test', 91, 64, 1);
INSERT INTO Quote (id_quote, content, likes, langue, isValide, reason, id_caracter, id_source, id_user_verif) VALUES ('178', 'Tu me mords… LES MEULES !', 0, 'fr', true, 'insertion de test', 46, 64, 1);
INSERT INTO Quote (id_quote, content, likes, langue, isValide, reason, id_caracter, id_source, id_user_verif) VALUES ('179', 'Pour toi poupée, je me couperais en quatre…', 0, 'fr', true, 'insertion de test', 43, 54, 1);
INSERT INTO Quote (id_quote, content, likes, langue, isValide, reason, id_caracter, id_source, id_user_verif) VALUES ('180', 'Ma maman elle est malade et mon papa il dévalise les poubelles.', 0, 'fr', true, 'insertion de test', 43, 13, 1);
INSERT INTO Quote (id_quote, content, likes, langue, isValide, reason, id_caracter, id_source, id_user_verif) VALUES ('181', 'Moi je vois pas l’intérêt de savoir parler si je peux pas raconter les secrets !', 0, 'fr', true, 'insertion de test', 93, 13, 1);
INSERT INTO Quote (id_quote, content, likes, langue, isValide, reason, id_caracter, id_source, id_user_verif) VALUES ('182', 'Nouille ou pas nouille, tu te préoccupes trop de ce qui a été ou de ce qui sera.', 0, 'fr', true, 'insertion de test', 29, 71, 1);
INSERT INTO Quote (id_quote, content, likes, langue, isValide, reason, id_caracter, id_source, id_user_verif) VALUES ('183', 'On ne facture pas la toplessitude et la séductivité.', 0, 'fr', true, 'insertion de test', 52, 71, 1);
INSERT INTO Quote (id_quote, content, likes, langue, isValide, reason, id_caracter, id_source, id_user_verif) VALUES ('184', 'Mon nom est Po, et il va me falloir un chapeau !', 0, 'fr', true, 'insertion de test', 52, 37, 1);
INSERT INTO Quote (id_quote, content, likes, langue, isValide, reason, id_caracter, id_source, id_user_verif) VALUES ('185', 'Tu viens de me montrer au complet ?!', 0, 'fr', true, 'insertion de test', 38, 10, 1);

-- INSERTION TABLE QUESTION
INSERT INTO Question (texte, answerA, answerB, answerC, answerD, cAnswer)
VALUES
('May the Force be with you.', 'Star Wars', 'Star Trek', 'The Matrix', 'Blade Runner', 'Star Wars'),
('I m gonna make him an offer he can t refuse.', 'The Godfather', 'Goodfellas', 'Scarface', 'The Sopranos', 'The Godfather'),
('To infinity and beyond!', 'Toy Story', 'The Incredibles', 'Finding Nemo', 'Shrek', 'Toy Story'),
('All we have to decide is what to do with the time that is given to us.', 'The Lord of the Rings', 'Harry Potter', 'The Hobbit', 'Narnia', 'The Lord of the Rings'),
('I am your father.', 'Star Wars', 'The Terminator', 'Star Trek', 'Guardians of the Galaxy', 'Star Wars'),
('It is a trap!', 'Star Wars', 'Battlestar Galactica', 'Star Trek', 'The Matrix', 'Star Wars'),
('Winter is coming.', 'Game of Thrones', 'The Witcher', 'Vikings', 'The Mandalorian', 'Game of Thrones'),
('Elementary, my dear Watson.', 'Sherlock Holmes', 'Agatha Christie', 'Poirot', 'The Hound of the Baskervilles', 'Sherlock Holmes'),
('Here is looking at you, kid.', 'Casablanca', 'Gone with the Wind', 'Citizen Kane', 'The Maltese Falcon', 'Casablanca');

-- INSERTION TABLE Quiz
INSERT INTO Quiz (title,img)
VALUES
('Titre du quiz n°1',56),
('Titre du quiz n°1',100);



-- INSERTION TABLE Quiz_Question
INSERT INTO Quiz_Question (quiz, question)
VALUES
(1, 1),  -- Quiz 1, Question 1
(1, 2),  -- Quiz 1, Question 2
(1, 3),  -- Quiz 1, Question 3
(1, 4),  -- Quiz 1, Question 4
(2, 5),  -- Quiz 2, Question 5
(2, 6),  -- Quiz 2, Question 6
(2, 7),  -- Quiz 2, Question 7
(2, 8),  -- Quiz 2, Question 8
(2, 9);  -- Quiz 2, Question 9


INSERT INTO DailyQuote (citation_id)
VALUES(120);
